 = -15*j + 14*j. Is j composite?
False
Let s(h) = h**3 + 2*h**2 - 3*h - 3. Let f be s(-2). Is (-850)/(-6) - (-1)/f composite?
True
Let j(i) = -15*i**3 - 13*i**2 - 9*i - 10. Is j(-9) a composite number?
True
Let y = 19380 + -10271. Is y a prime number?
True
Let y(a) = 81*a**3 - 4*a**2 + 2*a + 1. Let c be y(3). Suppose -2*v = j - 1069, c = 2*j - 2*v + v. Is j a composite number?
True
Suppose -2*z + 6 = -4*z + 2*b, 3*z - b + 3 = 0. Suppose z = 3*q - 303 + 72. Is q a prime number?
False
Let o = 829 - 826. Let m be 1 + -2 + 3508/1. Suppose z + 5*t + 1397 = o*z, 0 = -5*z - 2*t + m. Is z a composite number?
False
Suppose 1 = -l + 6. Suppose -1138 = -n + f, -l*n + 4*f - 2632 = -8325. Is n a composite number?
True
Let k(m) = 345*m - 17. Is k(6) a composite number?
False
Let i(k) = 35*k + 24*k - 3*k - 3. Is i(4) a prime number?
False
Let w be 0 - 4/(-8)*8. Suppose -w*y + 285 + 95 = 0. Is y a composite number?
True
Let x be (-4 - -1452)*(-5 + 4). Let s = -507 - x. Is s prime?
True
Let h be ((-8)/(-4) - 0) + -2. Suppose 0 = -h*v + 8*v - 1720. Is v prime?
False
Let d be (-7)/28 + 1810/8. Let o(k) = -2*k - 2. Let i be o(-6). Is d/i - (-4)/10 composite?
False
Suppose 0 = -18*h + 466717 - 96043. Is h prime?
True
Let b(u) = u**3 + 10*u**2 + 6*u - 1. Let d(k) = 3*k + 19. Let y(z) = -12*z - 76. Let w(a) = 9*d(a) + 2*y(a). Let h be w(-9). Is b(h) a prime number?
True
Is 657120/1120 - 4/(-14) prime?
True
Let f(p) = -2*p + 17. Let g be f(7). Suppose 2*n - 473 - 396 = -y, -2607 = -g*y - 3*n. Is y composite?
True
Suppose 0 = 4*t + 5*p - 84518, 4*t - 62062 = -3*p + 22452. Is t a prime number?
False
Suppose 4*j = 16, -2*j - 36 = 4*k + 2*j. Let x be -3 - 0 - (-91)/k. Let o = x - -17. Is o prime?
True
Let p(j) = j**3 - j**2 - 3. Let b be p(-4). Let u = -37 - b. Suppose -4*c + u = -2*c. Is c composite?
False
Let f(d) = 65*d**2 + 17*d + 74. Is f(-9) prime?
False
Let b(s) be the second derivative of s**5/20 - 2*s**4/3 - 5*s**3/3 - 19*s**2/2 - 40*s. Is b(12) a composite number?
True
Is (-1853403)/(-69) + (3 - (-402)/(-138)) a composite number?
False
Let l = 54 - 52. Suppose 3*x + l*x = 2335. Is x prime?
True
Let a(y) = -61*y - 35 + 19 + 22*y - 9. Is a(-12) prime?
True
Let n = -13 - -18. Suppose -3*w - 3*g + 417 = 0, 160 = n*w + 2*g - 541. Let o = 268 - w. Is o a prime number?
True
Let k(d) = 27*d**2 - 6*d - 4. Let u(c) = c**2 - 11*c + 13. Let w be u(9). Is k(w) a composite number?
False
Let p = 15023 + -10037. Suppose -u + 8162 = 4*d + 3168, -4*d + p = 5*u. Is d prime?
True
Suppose 7712 = 3*d + 5*u, 9*u - 13*u - 5178 = -2*d. Is d a composite number?
False
Is 5 - (-14)/7 - -6240 a prime number?
True
Is (844 - 37)/(2 - 1) a composite number?
True
Let y = 375 - 916. Let s = 65 + y. Is 1/((-4)/s)*1 composite?
True
Let a(u) be the first derivative of u**3/3 - 2*u**2 - 1. Suppose -19*j = 6 - 139. Is a(j) prime?
False
Let b(t) = -5*t**3 + 3*t**2 + 4*t + 3. Let x be 2/(-5)*(-10)/4. Suppose k - x = -3. Is b(k) prime?
True
Let q = -4451 + 7180. Is q a composite number?
False
Suppose 2*o - 8 = 2. Is (87/2)/(o/10) prime?
False
Let a(w) = 26*w**2 - 1. Let i(l) = -l**3 - 8*l**2 - 4*l + 19. Let o be i(-7). Is a(o) prime?
True
Suppose 14080 = 2*a + 1006. Is a prime?
False
Suppose -g + 5*f + 20 - 48 = 0, 5*g - f = -68. Let w(a) = a + 13. Let k be w(g). Suppose 3*r - 277 + 10 = k. Is r a prime number?
True
Let y(q) = q - 1. Let m be y(3). Suppose 2*d - 4*t - 782 = 0, -7*t - 779 = -m*d - 2*t. Is d prime?
True
Let f be 1/(-3) - 25/15. Let l be (f + 1)/(3/(-9)). Is 4/(-1*(-6)/l) a composite number?
False
Let h(p) = -4*p**3 + 2*p**2 + 5*p - 2. Let z be h(-4). Let w(i) = z*i**2 + 6 + 370*i**2 - 7. Is w(1) composite?
True
Suppose z - 20 = 5*z. Let t(w) = -10*w**3 + 8*w**2 + 11*w + 4. Is t(z) a prime number?
True
Let a be (1 - 3 - 0)*(-3 + 2). Is (-3 - 557/(-3)) + a/6 a composite number?
True
Let r = 7752 - -1027. Is r a composite number?
False
Suppose -2*f = -3*a + f - 21, 3*a - 14 = -4*f. Is (-18305)/(-45) + (a - 60/(-27)) prime?
False
Let l = 29889 + -14980. Is l a prime number?
False
Suppose 2*g = 1 + 15. Suppose 3*w - g + 2 = 0. Suppose -w*y = y - 141. Is y a composite number?
False
Let q be (-324968)/(-35) + 1/5. Is q/(-20)*(-1 - 3) a prime number?
False
Suppose -m + 704 = -960. Suppose -5*l + 2049 = 2*d - m, 0 = -2*l - 5*d + 1481. Is l composite?
False
Suppose 962 = -b - 176. Let m(h) = 25*h**3 - 7*h**2 + 4*h + 17. Let n be m(-4). Let s = b - n. Is s prime?
False
Let q = -1046 + 2192. Let s = q - -217. Is s composite?
True
Let q = 6 + -11. Let v = -552 + 374. Is (v/q)/(16/40) a composite number?
False
Let v(x) = 2138*x**2 + 2*x - 1. Let s be v(1). Is s/15 - (-2)/5 a prime number?
False
Let y(g) = -g**3 - 8*g**2 + 7. Suppose 5 = 3*w + r, w + 3*r = -2*r + 11. Suppose -7 = x + w. Is y(x) a prime number?
True
Suppose -2*z + 5*d + 27381 = -56318, -4*d = 12. Is z prime?
False
Suppose -12*n = 5*n - 13413. Is n a prime number?
False
Suppose 21393 = -15*j + 24*j. Let v = 1761 + -129. Let o = j - v. Is o prime?
False
Suppose 5*c = -k, c - k - 3*k = 21. Let n(f) = 69*f - 4. Is n(c) composite?
True
Suppose 16*r - 45191 - 85145 = 0. Is r a prime number?
False
Let f(m) = -2*m**3 + m**2 - 7. Let g be f(5). Let j = g + 335. Let s = 120 + j. Is s a prime number?
True
Let x = -374 + 788. Suppose x = 2*r + 4*r. Is r prime?
False
Is 1/8 + (-64106)/(-304) a prime number?
True
Suppose 8*p - 12*p + 18520 = 0. Let u = p - 2135. Is u a composite number?
True
Suppose -7*n - 998 = -8*n. Suppose -t + n - 325 = 0. Is t composite?
False
Suppose 21 = 5*d - 4*p - 38, 5*d = -5*p + 50. Suppose -2*l = 2*h - 5 - d, 0 = 4*l + 2*h - 42. Suppose 39 = 4*o - q, -l = -o - q - 2*q. Is o composite?
True
Suppose -14 = -14*j + 7*j. Suppose -2 + 0 = j*u. Is 745 + (-4 - u - -1) a composite number?
False
Let u = 44169 - 30154. Is u a composite number?
True
Suppose 0 = -3*d + 10*d - 63203. Is d prime?
True
Suppose -33425 = -2*d + 287573. Is d composite?
False
Suppose -l + i - 3 = 0, 2*l + i - 6*i + 21 = 0. Suppose q + l*q + 4*o = -13, 3*q = 2*o + 11. Let p(j) = 217*j**2 - 2*j + 2. Is p(q) prime?
False
Let o(j) = 0 - 2*j + 3*j + 7. Let h be o(-6). Is (h + (-105)/(-6))*2 a composite number?
False
Let s = 2 - 4. Let g be s/((16/(-12))/2). Suppose g*a - 4*t - 627 = -t, -a + 219 = 4*t. Is a a prime number?
True
Let o = -28 + 19. Is o/12 - 767/(-4) a composite number?
False
Suppose 3*h = -d + 736, 2*h - 3*d + 0*d - 509 = 0. Suppose z - 143 = 17. Let p = h - z. Is p a prime number?
False
Let z(r) be the first derivative of 9*r - 1/4*r**4 + 1/3*r**3 + 1/2*r**2 + 8. Is z(0) prime?
False
Let c = -4409 - -8388. Is c composite?
True
Suppose -x - 2 = c, 8 - 2 = -3*x - 2*c. Is (-5 - x - 1) + 255 composite?
False
Let o = 35 + -33. Suppose 0 = -o*h + 16 - 6. Suppose -h*n - 25 = -380. Is n composite?
False
Is (-12)/42 + (-52572)/(-7) + -3 prime?
True
Suppose w - 497 = -5*u, 4*u - 180 = -2*w + 832. Suppose -4*m + w = -3*r, -4*r + 2*m = -r + 502. Let h = 275 - r. Is h prime?
True
Suppose 46 = -2*a - 108. Let o = 65 - a. Let n = o - 75. Is n prime?
True
Let r(o) = 7*o**2 - o - 3. Let b(w) = w - 13. Let j be b(9). Is r(j) composite?
False
Let p(u) be the second derivative of u**5/20 + 5*u**4/12 + 5*u**3/6 - 3*u**2 - 22*u. Is p(4) a composite number?
True
Suppose -5*r = -40 + 20. Is (2303*4)/r - -2 a prime number?
False
Let x(l) = -l + 3. Let w be x(-1). Suppose -5*y = n + 48 - 1128, 4*y = w*n + 888. Is y composite?
True
Let u be ((-63)/(-12))/(3/8). Is 1603/u - (-1)/2 composite?
True
Let h(y) = 77*y**2 + 4*y + 4. Suppose -4*m + 5*b = 17, -2*b - 8 = 3*m - b. Is h(m) composite?
True
Let n(b) = b**2 + b - 5*b**2 - 2*b**3 - b**2 + 3*b**2 - 2. Let s be n(2). Is (32/s)/(4/(-1002)) composite?
True
Let s = -7556 - -29269. Is s prime?
True
Suppose -3*l + 8*l - 4850 = 0. Suppose -4*r - l = -9*r. Is r composite?
True
Let z(n) = -n**2 + n + 5. Suppose 5*j + 4*x - 2 - 22 = 0, 5 = 2*j - 3*x. Let b be z(j). Let c(s) = -7*s - 6. Is c(b) a composite number?
False
Let f(u) = 2*u**2 - 43*u + 209. Is f(42) a composite number?
False
Suppose -3*t = -4*z - 16, -5*z + 0 = t + 1. Suppose t*c - 3*o = 2705, -2*o = 5*c - 0*o - 3387. Is c prime?
True
Let h = 7 + -4. Let n(i) = 31*i - 10. Let b(r) = -34*r + 9. Let z(s) = -6*b(s) - 5*n(s). Is z(h) a composite number?
True
Let v = 9 - 14.